hest common divisor of k and w?
9
Let o be 2/(-9) - (-1526)/63. What is the greatest common divisor of o and 16?
8
Let q = -141 + 74. Let k = 118 + q. Let i = -16 + k. What is the greatest common divisor of 14 and i?
7
Suppose 10 = 5*j, 5*j - 64 - 252 = -x. Calculate the greatest common factor of 34 and x.
34
Let n be (3/(-2))/(2/(-100)). What is the highest common factor of 15 and n?
15
Suppose 3*j + 2*m - 19 = -0*m, -3*j - 5*m = -34. Suppose -j*h - 24 = -84. What is the greatest common divisor of 220 and h?
20
Suppose 4*x + 5*m - 208 = 377, 0 = -3*x + 4*m + 400. Calculate the highest common divisor of 105 and x.
35
Suppose 14 + 10 = 4*a. Let j(g) = -g**3 + 7*g**2 - 4*g - 8. Let k be j(a). Suppose 0*d + 64 = k*d. Calculate the highest common divisor of d and 2.
2
Let t = -10 - 23. Let j = t + 54. Suppose j = q + 5*b, -1 = -b + 2. What is the greatest common divisor of 1 and q?
1
Let o(z) = -z + 2*z**2 + 0*z + 5*z**2. Suppose -4 - 2 = -6*f. Let d be o(f). Calculate the highest common factor of 42 and d.
6
Suppose -124 = -3*f - 0*f + 4*v, 4*f - 164 = 5*v. Let n = f + -24. Let k(j) = 27*j**2. Let o be k(2). Calculate the greatest common divisor of n and o.
12
Suppose -5*h + 5*o - 6 - 4 = 0, 4*o = h + 2. Let c be h/11 + 1003/11. What is the highest common divisor of c and 13?
13
Let v(w) = -6*w. Let i be v(-1). Let g = i - 7. Let d(h) = -48*h. Let s be d(g). Calculate the greatest common divisor of 120 and s.
24
Let j = 12 + 12. What is the greatest common divisor of j and 36?
12
Suppose 0 = 5*w - 4*w - 2. Suppose w*u = -12 + 54. Let j be 2/(-7) + 279/u. Calculate the highest common divisor of 13 and j.
13
Suppose 3 = -c - 1. Let b = c - 4. Let d be (-50)/b - (-2)/(-8). Calculate the greatest common factor of d and 42.
6
Let r(a) = 41*a + 3. Let m be r(1). What is the highest common factor of 11 and m?
11
Let w(l) be the third derivative of l**4/8 + l**3/6 + 7*l**2. Let a be w(3). Calculate the greatest common factor of a and 10.
10
Suppose -4*p = -8*p + 44. Let g = -6 - -5. Let m be (-32 + -1)*3/g. Calculate the greatest common factor of m and p.
11
Let k(v) = -19*v - 102. Let m be k(-6). Suppose 10 = 3*x - 80. Calculate the highest common divisor of m and x.
6
Suppose 3*s = -0 + 6. Suppose -s*k = -0*p + p, 4*k - 4*p = 12. Calculate the highest common divisor of k and 1.
1
Let m(f) = 4*f - 5. Let i(n) = 3*n - 5. Let q(b) = 3*i(b) - 2*m(b). Let w be q(9). Suppose -3 = w*d - 19. What is the greatest common factor of 28 and d?
4
Suppose -p - 15 = -4*p. What is the greatest common divisor of 25 and p?
5
Let w be -2*(-2 + 14/(-4)). What is the highest common factor of 99 and w?
11
Suppose 0 = -p - 43 + 2. Let m = p - -145. What is the greatest common divisor of 13 and m?
13
Let z(h) = h**3 + 9*h**2 + 5*h - 8. Let f be z(-6). What is the highest common divisor of 28 and f?
14
Let k = 128 - 40. What is the highest common divisor of 55 and k?
11
Let p = 122 + -56. Calculate the greatest common factor of p and 165.
33
Suppose 18*x = -386 + 1754. What is the greatest common divisor of 114 and x?
38
Suppose -5*t + 10 = -5. Suppose 0*a - t*a = -75. Let b be (a/(-10))/((-2)/4). Calculate the highest common factor of b and 5.
5
Let q(w) = -34*w - 52. Let n be q(-4). Calculate the highest common factor of 56 and n.
28
Let u be (12/16)/(2/48). Calculate the greatest common divisor of u and 126.
18
Suppose -6*z - 520 = -14*z. What is the highest common divisor of z and 26?
13
Suppose 3 = -2*s + 5*s. Suppose -s = l - 9. Let v be (1 - 0) + 66/6. What is the greatest common divisor of v and l?
4
Let h(z) = z**2 - 4. Let p be h(3). Calculate the greatest common factor of p and 10.
5
Suppose 3*m = -h - 4, -5*h = -2*m - m - 16. Suppose h*c - 161 = -4*b + c, 158 = 4*b - 2*c. Calculate the highest common factor of 5 and b.
5
Suppose -3*l = 3*q - 15, 3*l - 4*q = -5*q + 23. Let c be 69/l + 3/9. What is the greatest common divisor of c and 2?
2
Let w = -1 + 3. Suppose 28 = 3*m + 5*u - 6, -2*u = -4*m + 80. Calculate the highest common factor of w and m.
2
Suppose -a - 2*g = -5*g - 112, -4*a - 3*g = -388. Let r = a + -36. Calculate the highest common factor of 8 and r.
8
Let p(c) = c**2 - 5*c + 6. Let q be p(4). Suppose -q*s - w + 47 = -s, 4 = -4*w. What is the greatest common divisor of s and 6?
6
Suppose 3*l - 4*f + 44 = 0, -l + 3*f - 16 = 2*f. Let h be 0*(-3)/(-6) - l. Calculate the highest common divisor of h and 5.
5
Let g = 2 - 0. Suppose 2*h = g*v - 660, 1627 = 4*v - h + 310. Suppose -5*f + v = -221. Calculate the highest common factor of 10 and f.
10
Let f be 535/107*((0 - 1) + 9). What is the highest common factor of 15 and f?
5
Let u(w) = 4*w**2 + 30*w - 15. Let k be u(-8). Calculate the greatest common divisor of k and 13.
1
Let l = 110 - 40. Calculate the highest common factor of 10 and l.
10
Suppose -k = 2*k + 75. Let s be (-15)/k - (-84)/10. What is the greatest common factor of s and 6?
3
Let p(q) = -q**2 + 24*q + 6. Let w be p(17). Calculate the greatest common divisor of w and 5.
5
Let v = -20 + 56. What is the highest common divisor of 24 and v?
12
Let o be 2/(-7) + 107/7. Let c = -2 + 4. Let p be 482/4 + (-1)/c. Calculate the highest common divisor of o and p.
15
Let z = -199 + 216. What is the greatest common factor of z and 51?
17
Let q(o) = -10*o + 2. Let s be q(-8). Let t be s/(-4) + 1/2. Let z = t + 58. What is the greatest common factor of 57 and z?
19
Suppose 2*r = -4*v + 394, -172 = -2*v - 0*r + 4*r. Calculate the highest common factor of v and 12.
12
Let a = 36 + -1. What is the highest common factor of a and 35?
35
Let l(q) = 2*q**2 - 12*q + 8. Let g be l(8). Calculate the highest common factor of 10 and g.
10
Suppose 3*r = -2*r + 90. Suppose 3*y - 48 = r. Calculate the highest common divisor of y and 33.
11
Let z be (-10*1)/(2 + -4). Let w = z - -2. Let n = -1 + w. Calculate the greatest common divisor of n and 54.
6
Let l(n) = 7*n**3 + 2*n**2 + 1. Let b be l(2). Let v be ((-624)/b)/((-2)/20). What is the highest common factor of 12 and v?
12
Let g = 11 + 29. Calculate the greatest common divisor of g and 5.
5
Suppose -8*z = -3*z - 130. What is the highest common factor of z and 52?
26
Let v = -1 + 55. Suppose -3*c = -4*a + 3, -4*a = -5*c + 7 - 4. Suppose -4*r - 2*y + 38 = 10, -12 = -3*r + a*y. Calculate the greatest common divisor of v and r.
6
Suppose -31*q + 22*q + 288 = 0. Calculate the greatest common factor of 32 and q.
32
Suppose -5*f = -2*f. Let p(y) = y**2 + y + 6. Let t be p(f). Suppose 3*c - 71 = -3*r + 91, -c = 3*r - 54. Calculate the highest common factor of c and t.
6
Suppose 5*t + 9 - 24 = 0. Suppose -20 = -t*b + b. Let l = -35 + 50. Calculate the highest common divisor of b and l.
5
Suppose -2*p = -3*p - 15. Let o be 1/(-3) + (-158)/(-6). Let i = o + p. What is the highest common divisor of i and 77?
11
Suppose 11 = -h + 18. What is the highest common divisor of h and 63?
7
Suppose -60 = -2*t + 7*t. Let z be ((-100)/t)/((-2)/(-6)). Let u(q) = 2*q + 5. Let b be u(0). Calculate the greatest common factor of z and b.
5
Let n be (12/3 + 1)*1. Suppose y = -2, 2*z + 55 = 7*z - n*y. What is the greatest common factor of z and 18?
9
Suppose 4*j - 2*s = 90, -25 = -2*j - 0*j - 3*s. Suppose 5*b + 0*m - m = 11, 2*m = -2. Let d be b + 0 - -8*6. Calculate the greatest common factor of d and j.
10
Let y be (1 - (1 - -1)) + 1. Suppose 0*r + 4*r - 12 = y. Suppose -5 = -r*v + 10. What is the highest common divisor of 45 and v?
5
Suppose 2*r + 0*o - 2 = -4*o, 0 = -2*o - 2. Let b be (8/(-3))/((-2)/r). Suppose z - 80 = -3*z. Calculate the highest common divisor of b and z.
4
Suppose 0*w = 5*w - c + 5, 3*w = 3*c + 9. Let a be (8/(-24))/(w/6). What is the greatest common factor of 1 and a?
1
Let v be (10/3)/((-5)/(-255)). Calculate the highest common factor of v and 68.
34
Suppose -5*l = -22 - 78. Suppose -5*j + j = -l. Suppose j - 137 = -r. Calculate the greatest common factor of r and 12.
12
Let t = 63 - -36. Suppose -3 = -n + 2*l + 3*l, 5*n - t = -3*l. Suppose 0 = w - 2*w + 3*d + 75, 0 = 3*d - 15. What is the highest common divisor of n and w?
18
Let d(r) = 66*r**2 - r. Let b be d(1). Let t be 106/8 - (-6)/(-24). What is the greatest common factor of b and t?
13
Let t be (4/8)/(1/38). Let h = t - 11. Calculate the highest common divisor of 4 an